base 12) in base 13?
-39b452
What is 5543132 (base 6) in base 5?
32344143
-101100100101111110100 (base 2) to base 13
-3c214a
What is -21011000200101 (base 3) in base 15?
-500aca
What is 31366064 (base 8) in base 10?
6679604
Convert -1fd6a1 (base 16) to base 5.
-1013232221
Convert -100163411 (base 7) to base 2.
-10110000111010101111111
Convert -101110000111010111011 (base 2) to base 4.
-11300322323
-11100000110100110111 (base 2) to base 3
-1201210012221
What is 73356 (base 11) in base 9?
172572
Convert 10a87 (base 11) to base 12.
928a
-14514437 (base 9) to base 16
-6e12f5
Convert -224395 (base 10) to base 5.
-24140040
What is -811bb (base 12) in base 11?
-10516a
What is -3923903 (base 10) in base 8?
-16757677
730a8 (base 13) to base 8
623500
What is 836915 (base 11) in base 6?
44430142
Convert -167737 (base 8) to base 16.
-efdf
Convert -1124314034 (base 5) to base 3.
-11211201112000
100000120012 (base 3) to base 9
300505
What is 1010111000010101001110 (base 2) in base 14?
5435ca
What is -2010452 (base 6) in base 11?
-65238
What is -145744 (base 10) in base 12?
-70414
Convert 68572 (base 10) to base 13.
2529a
Convert -31a3d (base 16) to base 10.
-203325
Convert -33123122231 (base 4) to base 14.
-773d01
Convert -10acb74 (base 13) to base 2.
-10011100111000100000001
Convert 483ac (base 13) to base 12.
647b1
Convert 100011110011000101100 (base 2) to base 16.
11e62c
Convert 471315 (base 8) to base 4.
213023031
Convert 31032202110 (base 4) to base 14.
6638c4
-25343502 (base 7) to base 9
-4280343
What is -588284 (base 9) in base 16?
-5660b
Convert -2031301122 (base 4) to base 11.
-367318
What is 10452432 (base 6) in base 8?
1155244
Convert -100000101101101011010100 (base 2) to base 6.
-503450152
What is 371b3 (base 14) in base 12?
66021
Convert 3f14f6 (base 16) to base 4.
33301103312
What is -1111101001011001 (base 2) in base 15?
-13ec9
What is 10001350 (base 10) in base 2?
100110001001101111000110
Convert -12222011122 (base 3) to base 5.
-12224434
What is -4321143343 (base 5) in base 4?
-202330321230
What is -3b654 (base 14) in base 3?
-21110012200
-110010011100101111100 (base 2) to base 14
-31063a
Convert -7e42b (base 15) to base 8.
-1422206
Convert 577b9 (base 16) to base 14.
9482d
Convert 21321201032 (base 4) to base 5.
1131014034
Convert -315828 (base 10) to base 2.
-1001101000110110100
-20266580 (base 9) to base 2
-100101000111000011111101
Convert 11759a7 (base 12) to base 14.
643611
-114344201 (base 5) to base 10
-543676
What is -7025b (base 12) in base 16?
-23867
What is 18904a (base 14) in base 5?
210314124
What is 4366317 (base 9) in base 13?
642307
Convert -33412323 (base 5) to base 2.
-1000111111100111001
1100001111111111001 (base 2) to base 11
254640
What is -9973c (base 13) in base 16?
-43e28
What is -10237416 (base 8) in base 4?
-20103330032
Convert -5a7a399 (base 12) to base 16.
-10c44a5
What is 226930 (base 10) in base 6?
4510334
Convert -325d7 (base 14) to base 4.
-131300301
Convert 2a4132 (base 11) to base 7.
4012621
Convert 49b66 (base 15) to base 7.
2000301
What is 1097a (base 14) in base 5?
2242123
What is -2b3c5 (base 15) in base 7?
-1116635
-1504126 (base 7) to base 16
-31975
Convert -3de1ea (base 15) to base 3.
-12121121012111
What is -733408 (base 9) in base 11?
-278260
-3056001 (base 7) to base 16
-599a3
-220044144 (base 6) to base 14
-742688
Convert 4a9628 (base 15) to base 8.
15507331
Convert -127643a (base 12) to base 3.
-20211220212001
-16498a (base 16) to base 14
-2a041c
What is -268324 (base 10) in base 8?
-1014044
What is 12608 (base 13) in base 10?
33977
-3323100013 (base 4) to base 13
-2a0568
What is d1101 (base 15) in base 3?
1020121201101
100011111111001101111 (base 2) to base 3
2012220121211
What is 11510122 (base 6) in base 3?
200122011212
Convert -2055461 (base 8) to base 9.
-1024181
-4114342202 (base 5) to base 2
-11111111000000001010111
What is -6a99c2 (base 14) in base 7?
-42630432
What is -5510304 (base 6) in base 3?
-111220021011
10110101001011111001 (base 2) to base 12
2b9589
What is -145424 (base 10) in base 3?
-21101111002
Convert -32232204 (base 5) to base 12.
-11271a
Convert -13233010 (base 4) to base 7.
-161242
-4111134 (base 5) to base 13
-24302
What is -4175176 (base 10) in base 4?
-33323111020
Convert -11db09 (base 16) to base 8.
-4355411
What is -1042303332 (base 5) in base 14?
-4408d7
What is 101010110000010101 (base 2) in base 7?
1326366
Convert -225306 (base 11) to base 12.
-1534b4
What is -21155466 (base 7) in base 16?
-1b65b2
What is 11244340023 (base 5) in base 4?
301022031220
What is -13514420 (base 7) in base 9?
-2336518
-102002202221 (base 3) to base 9
-362687
Convert -2407003 (base 10) to base 9.
-4467707
Convert 259bb (base 15) to base 14.
31bca
What is 1b5aa96 (base 12) in base 10?
5845650
-1110001011100001100 (base 2) to base 6
-13543100
What is -24ac0 (base 14) in base 15?
-1b9ab
Convert -2717cc (base 13) to base 11.
-596876
What is -20201132232 (base 4) in base 3?
-11012111212100
-367190 (base 12) to base 16
-d7a3c
Convert -a744599 (base 11) to base 9.
-38517268
What is -3425534 (base 9) in base 8?
-7030652
Convert 21854 (base 9) to base 14.
5432
Convert -1397b4 (base 12) to base 4.
-1100000320
What is -5155435 (base 7) in base 8?
-2270762
Convert 768035 (base 14) to base 13.
aa86a3
What is -4c334b (base 13) in base 9?
-3406211
What is 220210220100112 (base 3) in base 14?
1a733c4
Convert -111122022120 (base 3) to base 11.
-173804
What is 311221113 (base 4) in base 11?
1400aa
14254035 (base 6) to base 16
77807
What is 102303112 (base 4) in base 7?
440350
What is -260351222 (base 7) in base 6?
-1350213035
Convert -210111220120 (base 3) to base 9.
-714816
What is 170845 (base 10) in base 9?
280317
Convert -112444 (base 6) to base 10.
-9676
What is 55d0f8 (base 16) in base 11?
31a1489
What is 292106 (base 11) in base 8?
1573724
What is -101011221221 (base 3) in base 4?
-300323332
-857599 (base 10) to base 11
-536366
What is -14156463 (base 9) in base 11?
-3a55243
Convert -5a68 (base 11) to base 14.
-2c71
Convert -34a150 (base 14) to base 6.
-102245242
Convert -450580 (base 9) to base 15.
-54ca3
What is 531352 (base 6) in base 8?
124164
What is -213222103300 (base 4) in base 2?
-100111101010010011110000
-ed3e (base 15) to base 7
-266312
What is -66307505 (base 8) in base 13?
-2c529a5
158274 (base 12) to base 7
3055063
Convert -15b29a6 (base 14) to base 11.
-6013523
Convert 1626443 (base 7) to base 11.
144531
What is -e7849 (base 15) in base 2?
-10110011010000100100
224112055 (base 6) to base 5
2023142032
-35331452 (base 6) to base 16
-10cb98
Convert 2315023 (base 6) to base 4.
131003313
What is -37846 (base 11) in base 7?
-314121
What is 201022 (base 11) in base 5?
40322312
-bf1ea (base 16) to base 9
-1422746
Convert -11111000011000110101100 (base 2) to base 13.
-18bc8aa
What is -208911 (base 11) in base 12?
-14124b
What is 4b0167 (base 12) in base 16?
12abdf
Convert -102021122102112 (base 3) to base 6.
-332304452
Convert -1220303103 (base 4) to base 11.
-273573
-5402415 (base 6) to base 8
-1005413
-56a1 (base 16) to base 5
-1202202
What is 1550056 (base 7) in base 6?
4325254
Convert 2320113311 (base 4) to base 15.
edb5e
Convert -3aa5f (base 16) to base 6.
-5052051
What is 385210 (base 14) in base 12?
7938ba
-94e4 (base 15) to base 7
-160543
-35141665 (base 7) to base 5
-1242222334
What is 4d7a8c (base 14) in base 7?
31466035
-2345463 (base 7) to base 15
-5d139
-114320002 (base 5) to base 4
-2010102311
Convert -103004122 (base 5) to base 4.
-1222330111
b9657 (base 14) to base 7
3545440
Convert -10000110100101010010100 (base 2) to base 5.
-2112110004
4304055 (base 6) to base 15
4271b
10042341 (base 5) to base 14
21719
-10010101000001000 (base 2) to base 15
-17916
What is 1420124 (base 6) in base 13?
2a79c
What is -20255a (base 11) in base 15?
-66659
What is 2750324 (base 9) in base 12?
609527
-36465 (base 11) to base 5
-3134324
432404 (base 8) to base 10
144644
What is 13303042 (base 5) in base 2?
100000111001110100
Convert -102920 (base 11) to base 3.
-22101002121
-1b8b3 (base 15) to base 10
-89718
What is 2074b41 (base 12) in base 8?
27274141
What is -2cbff (base 16) in base 10?
-183295
287c9 (base 13) to base 7
434465
10421452 (base 6) to base 7
2445344
7a771 (base 11) to base 10